{"id":98,"date":"2019-05-10T12:25:53","date_gmt":"2019-05-10T10:25:53","guid":{"rendered":"http:\/\/acl-menuiserie.com\/?page_id=98"},"modified":"2023-03-10T10:12:43","modified_gmt":"2023-03-10T09:12:43","slug":"portails-nantes-44","status":"publish","type":"page","link":"https:\/\/acl-menuiserie.com\/index.php\/portails-nantes-44\/","title":{"rendered":"PORTAILS DE CLOTURES"},"content":{"rendered":"<p><div class=\"fusion-fullwidth fullwidth-box fusion-parallax-fixed nonhundred-percent-fullwidth non-hundred-percent-height-scrolling\"  style='background-color: rgba(255,255,255,0);background-image: url(\"http:\/\/acl-menuiserie.com\/wp-content\/uploads\/2019\/05\/acl-menuiserie-44-1024x682.jpg\");background-position: center center;background-repeat: no-repeat;padding-top:100px;padding-right:0px;padding-bottom:100px;padding-left:0px;-webkit-background-size:cover;-moz-background-size:cover;-o-background-size:cover;background-size:cover;background-attachment:fixed;'><div class=\"fusion-builder-row fusion-row \"><div  class=\"fusion-layout-column fusion_builder_column fusion_builder_column_1_1  fusion-one-full fusion-column-first fusion-column-last 1_1\"  style='margin-top:0px;margin-bottom:20px;'>\n\t\t\t\t\t<div class=\"fusion-column-wrapper\" style=\"padding: 0px 0px 0px 0px;background-position:left top;background-repeat:no-repeat;-webkit-background-size:cover;-moz-background-size:cover;-o-background-size:cover;background-size:cover;\"   data-bg-url=\"\">\n\t\t\t\t\t\t<div class=\"fusion-text\"><h1 data-fontsize=\"36\" data-lineheight=\"52\"><strong>ACL menuiserie est install\u00e9e \u00e0 Divatte-sur-Loire pr\u00e8s de Nantes, dans le 44 est une entreprise de menuiserie sp\u00e9cialis\u00e9e dans les portails.<\/strong><\/h1>\n<h1 data-fontsize=\"36\" data-lineheight=\"52\"><strong>\u00a0<\/strong><\/h1>\n<h1><strong>\u00a0<\/strong><\/h1>\n<\/div><div class=\"fusion-clearfix\"><\/div>\n\n\t\t\t\t\t<\/div>\n\t\t\t\t<\/div><div  data-animationType=slideInLeft data-animationDuration=1.0 data-animationOffset=100% class=\"fusion-layout-column fusion_builder_column fusion_builder_column_1_3  fusion-one-third fusion-column-first fusion-animated 1_3\"  style='margin-top:0px;margin-bottom:20px;width:33.33%;width:calc(33.33% - ( ( 4% ) * 0.3333 ) );margin-right: 4%;'>\n\t\t\t\t\t<div class=\"fusion-column-wrapper\" style=\"padding: 0px 0px 0px 0px;background-position:left top;background-repeat:no-repeat;-webkit-background-size:cover;-moz-background-size:cover;-o-background-size:cover;background-size:cover;\"   data-bg-url=\"\">\n\t\t\t\t\t\t<span style=\"border:4px solid #f6f6f6;\" class=\"fusion-imageframe imageframe-none imageframe-1 hover-type-zoomin\"><img decoding=\"async\" src=\"http:\/\/acl-menuiserie.com\/wp-content\/uploads\/2019\/05\/portail-aluminium-nantes-44-acl.jpg\" width=\"\" height=\"\" alt=\"\" title=\"portail-aluminium-nantes-44-acl\" class=\"img-responsive wp-image-147\" srcset=\"https:\/\/acl-menuiserie.com\/wp-content\/uploads\/2019\/05\/portail-aluminium-nantes-44-acl-200x150.jpg 200w, https:\/\/acl-menuiserie.com\/wp-content\/uploads\/2019\/05\/portail-aluminium-nantes-44-acl.jpg 320w\" sizes=\"(max-width: 800px) 100vw, 320px\" \/><\/span><div class=\"fusion-clearfix\"><\/div>\n\n\t\t\t\t\t<\/div>\n\t\t\t\t<\/div><div  data-animationType=slideInRight data-animationDuration=1.0 data-animationOffset=100% class=\"fusion-layout-column fusion_builder_column fusion_builder_column_2_3  fusion-two-third fusion-column-last fusion-animated 2_3\"  style='margin-top:0px;margin-bottom:20px;width:66.66%;width:calc(66.66% - ( ( 4% ) * 0.6666 ) );'>\n\t\t\t\t\t<div class=\"fusion-column-wrapper\" style=\"padding: 0px 0px 0px 0px;background-position:left top;background-repeat:no-repeat;-webkit-background-size:cover;-moz-background-size:cover;-o-background-size:cover;background-size:cover;\"   data-bg-url=\"\">\n\t\t\t\t\t\t<div class=\"fusion-text\"><div id=\"pgc-27-1-1\" class=\"panel-grid-cell\">\n<div id=\"panel-27-1-1-0\" class=\"so-panel widget widget_sow-editor panel-first-child panel-last-child\" data-index=\"1\">\n<div class=\"so-widget-sow-editor so-widget-sow-editor-base\">\n<div id=\"pgc-219-0-1\" class=\"panel-grid-cell\">\n<div id=\"panel-219-0-1-0\" class=\"so-panel widget widget_sow-editor panel-first-child panel-last-child\" data-index=\"1\">\n<div class=\"so-widget-sow-editor so-widget-sow-editor-base\">\n<div class=\"fusion-text\">\n<div id=\"pgc-27-1-1\" class=\"panel-grid-cell\">\n<div id=\"panel-27-1-1-0\" class=\"so-panel widget widget_sow-editor panel-first-child panel-last-child\" data-index=\"1\">\n<div class=\"so-widget-sow-editor so-widget-sow-editor-base\">\n<div id=\"pgc-219-0-1\" class=\"panel-grid-cell\">\n<div id=\"panel-219-0-1-0\" class=\"so-panel widget widget_sow-editor panel-first-child panel-last-child\" data-index=\"1\">\n<div class=\"so-widget-sow-editor so-widget-sow-editor-base\">\n<h2 class=\"widget-title\" data-fontsize=\"26\" data-lineheight=\"39\"><span style=\"color: #ffffff;\"><strong>Portail aluminium<\/strong><\/span><\/h2>\n<div class=\"siteorigin-widget-tinymce textwidget\">\n<p><strong>Derri\u00e8re la modernit\u00e9, c\u2019est la noblesse qui caract\u00e9rise la large gamme de mod\u00e8les qui vous est propos\u00e9e. D\u00e9co, formes et couleurs\u00a0: donnez du style \u00e0 votre maison.<\/strong><\/p>\n<\/div>\n<\/div>\n<\/div>\n<\/div>\n<\/div>\n<\/div>\n<\/div>\n<\/div>\n<\/div>\n<\/div>\n<\/div>\n<\/div>\n<\/div>\n<\/div>\n<\/div><div class=\"fusion-clearfix\"><\/div>\n\n\t\t\t\t\t<\/div>\n\t\t\t\t<\/div><\/div><\/div><div class=\"fusion-fullwidth fullwidth-box fusion-parallax-fixed nonhundred-percent-fullwidth non-hundred-percent-height-scrolling\"  style='background-color: rgba(255,255,255,0);background-image: url(\"http:\/\/acl-menuiserie.com\/wp-content\/uploads\/2019\/05\/acl-menuiserie-44-1024x682.jpg\");background-position: center center;background-repeat: no-repeat;padding-top:50px;padding-right:0px;padding-bottom:50px;padding-left:0px;-webkit-background-size:cover;-moz-background-size:cover;-o-background-size:cover;background-size:cover;background-attachment:fixed;'><div class=\"fusion-builder-row fusion-row \"><div  class=\"fusion-layout-column fusion_builder_column fusion_builder_column_1_1  fusion-one-full fusion-column-first fusion-column-last 1_1\"  style='margin-top:0px;margin-bottom:20px;'>\n\t\t\t\t\t<div class=\"fusion-column-wrapper\" style=\"padding: 0px 0px 0px 0px;background-position:left top;background-repeat:no-repeat;-webkit-background-size:cover;-moz-background-size:cover;-o-background-size:cover;background-size:cover;\"   data-bg-url=\"\">\n\t\t\t\t\t\t<div class=\"fusion-section-separator section-separator\" style=\"padding:0;margin-left:-0px;margin-right:-0px;\"><svg class=\"slantCandy\" xmlns=\"http:\/\/www.w3.org\/2000\/svg\" version=\"1.1\" width=\"100%\" height=\"100\" viewBox=\"0 0 100 102\" preserveAspectRatio=\"none\" style=\"fill:#7c141e;padding:0;\"><path d=\"M100 -1 L100 100 L0 0 Z\"><\/path><\/svg><\/div><div class=\"fusion-clearfix\"><\/div>\n\n\t\t\t\t\t<\/div>\n\t\t\t\t<\/div><div  data-animationType=slideInLeft data-animationDuration=0.9 data-animationOffset=100% class=\"fusion-layout-column fusion_builder_column fusion_builder_column_1_3  fusion-one-third fusion-column-first fusion-animated 1_3\"  style='margin-top:0px;margin-bottom:20px;width:33.33%;width:calc(33.33% - ( ( 4% ) * 0.3333 ) );margin-right: 4%;'>\n\t\t\t\t\t<div class=\"fusion-column-wrapper\" style=\"padding: 0px 0px 0px 0px;background-position:left top;background-repeat:no-repeat;-webkit-background-size:cover;-moz-background-size:cover;-o-background-size:cover;background-size:cover;\"   data-bg-url=\"\">\n\t\t\t\t\t\t<span style=\"border:4px solid #f6f6f6;\" class=\"fusion-imageframe imageframe-none imageframe-2 hover-type-zoomin\"><img decoding=\"async\" src=\"http:\/\/acl-menuiserie.com\/wp-content\/uploads\/2019\/05\/portail-pvc-nantes-44-acl.jpg\" width=\"\" height=\"\" alt=\"\" title=\"portail-pvc-nantes-44-acl\" class=\"img-responsive wp-image-148\" srcset=\"https:\/\/acl-menuiserie.com\/wp-content\/uploads\/2019\/05\/portail-pvc-nantes-44-acl-200x150.jpg 200w, https:\/\/acl-menuiserie.com\/wp-content\/uploads\/2019\/05\/portail-pvc-nantes-44-acl.jpg 320w\" sizes=\"(max-width: 800px) 100vw, 320px\" \/><\/span><div class=\"fusion-clearfix\"><\/div>\n\n\t\t\t\t\t<\/div>\n\t\t\t\t<\/div><div  data-animationType=slideInRight data-animationDuration=0.9 data-animationOffset=100% class=\"fusion-layout-column fusion_builder_column fusion_builder_column_2_3  fusion-two-third fusion-column-last fusion-animated 2_3\"  style='margin-top:0px;margin-bottom:20px;width:66.66%;width:calc(66.66% - ( ( 4% ) * 0.6666 ) );'>\n\t\t\t\t\t<div class=\"fusion-column-wrapper\" style=\"padding: 0px 0px 0px 0px;background-position:left top;background-repeat:no-repeat;-webkit-background-size:cover;-moz-background-size:cover;-o-background-size:cover;background-size:cover;\"   data-bg-url=\"\">\n\t\t\t\t\t\t<div class=\"fusion-text\"><div id=\"pgc-27-1-1\" class=\"panel-grid-cell\">\n<div id=\"panel-27-1-1-0\" class=\"so-panel widget widget_sow-editor panel-first-child panel-last-child\" data-index=\"1\">\n<div id=\"pgc-219-1-1\" class=\"panel-grid-cell\">\n<div id=\"panel-219-1-1-0\" class=\"so-panel widget widget_sow-editor panel-first-child panel-last-child\" data-index=\"3\">\n<div class=\"so-widget-sow-editor so-widget-sow-editor-base\">\n<h2 class=\"widget-title\"><span style=\"color: #ffffff;\"><strong>Portail PVC<\/strong><\/span><\/h2>\n<div class=\"siteorigin-widget-tinymce textwidget\">\n<p><strong>Les possibilit\u00e9s sont multiples et vari\u00e9es jusque dans le choix des formes, des finitions et des couleurs. Trouvez l\u2019harmonie parfaite entre l\u2019esth\u00e9tique de vos ouvertures\u00a0: portail, porte d\u2019entr\u00e9e et fen\u00eatres.<\/strong><\/p>\n<\/div>\n<\/div>\n<\/div>\n<\/div>\n<\/div>\n<\/div>\n<\/div><div class=\"fusion-clearfix\"><\/div>\n\n\t\t\t\t\t<\/div>\n\t\t\t\t<\/div><\/div><\/div><div class=\"fusion-fullwidth fullwidth-box fusion-parallax-fixed nonhundred-percent-fullwidth non-hundred-percent-height-scrolling\"  style='background-color: rgba(255,255,255,0);background-image: url(\"http:\/\/acl-menuiserie.com\/wp-content\/uploads\/2019\/05\/acl-menuiserie-44-1024x682.jpg\");background-position: center center;background-repeat: no-repeat;padding-top:50px;padding-right:0px;padding-bottom:50px;padding-left:0px;-webkit-background-size:cover;-moz-background-size:cover;-o-background-size:cover;background-size:cover;background-attachment:fixed;'><div class=\"fusion-builder-row fusion-row \"><div  class=\"fusion-layout-column fusion_builder_column fusion_builder_column_1_1  fusion-one-full fusion-column-first fusion-column-last 1_1\"  style='margin-top:0px;margin-bottom:20px;'>\n\t\t\t\t\t<div class=\"fusion-column-wrapper\" style=\"padding: 0px 0px 0px 0px;background-position:left top;background-repeat:no-repeat;-webkit-background-size:cover;-moz-background-size:cover;-o-background-size:cover;background-size:cover;\"   data-bg-url=\"\">\n\t\t\t\t\t\t<div class=\"fusion-section-separator section-separator\" style=\"padding:0;margin-left:-0px;margin-right:-0px;\"><svg class=\"slantCandy\" xmlns=\"http:\/\/www.w3.org\/2000\/svg\" version=\"1.1\" width=\"100%\" height=\"100\" viewBox=\"0 0 100 102\" preserveAspectRatio=\"none\" style=\"fill:#7c141e;padding:0;\"><path d=\"M100 -1 L100 100 L0 0 Z\"><\/path><\/svg><\/div><div class=\"fusion-clearfix\"><\/div>\n\n\t\t\t\t\t<\/div>\n\t\t\t\t<\/div><div  data-animationType=slideInLeft data-animationDuration=0.9 data-animationOffset=100% class=\"fusion-layout-column fusion_builder_column fusion_builder_column_1_3  fusion-one-third fusion-column-first fusion-animated 1_3\"  style='margin-top:0px;margin-bottom:20px;width:33.33%;width:calc(33.33% - ( ( 4% ) * 0.3333 ) );margin-right: 4%;'>\n\t\t\t\t\t<div class=\"fusion-column-wrapper\" style=\"padding: 0px 0px 0px 0px;background-position:left top;background-repeat:no-repeat;-webkit-background-size:cover;-moz-background-size:cover;-o-background-size:cover;background-size:cover;\"   data-bg-url=\"\">\n\t\t\t\t\t\t<span style=\"border:4px solid #f6f6f6;\" class=\"fusion-imageframe imageframe-none imageframe-3 hover-type-zoomin\"><img decoding=\"async\" src=\"http:\/\/acl-menuiserie.com\/wp-content\/uploads\/2019\/05\/portail-ferronnerie-nantes-44-acl.jpg\" width=\"\" height=\"\" alt=\"\" title=\"portail-ferronnerie-nantes-44-acl\" class=\"img-responsive wp-image-149\" srcset=\"https:\/\/acl-menuiserie.com\/wp-content\/uploads\/2019\/05\/portail-ferronnerie-nantes-44-acl-200x150.jpg 200w, https:\/\/acl-menuiserie.com\/wp-content\/uploads\/2019\/05\/portail-ferronnerie-nantes-44-acl.jpg 320w\" sizes=\"(max-width: 800px) 100vw, 320px\" \/><\/span><div class=\"fusion-clearfix\"><\/div>\n\n\t\t\t\t\t<\/div>\n\t\t\t\t<\/div><div  data-animationType=slideInRight data-animationDuration=0.9 data-animationOffset=100% class=\"fusion-layout-column fusion_builder_column fusion_builder_column_2_3  fusion-two-third fusion-column-last fusion-animated 2_3\"  style='margin-top:0px;margin-bottom:20px;width:66.66%;width:calc(66.66% - ( ( 4% ) * 0.6666 ) );'>\n\t\t\t\t\t<div class=\"fusion-column-wrapper\" style=\"padding: 0px 0px 0px 0px;background-position:left top;background-repeat:no-repeat;-webkit-background-size:cover;-moz-background-size:cover;-o-background-size:cover;background-size:cover;\"   data-bg-url=\"\">\n\t\t\t\t\t\t<div class=\"fusion-text\"><div id=\"pgc-27-1-1\" class=\"panel-grid-cell\">\n<div id=\"panel-27-1-1-0\" class=\"so-panel widget widget_sow-editor panel-first-child panel-last-child\" data-index=\"1\">\n<div class=\"so-widget-sow-editor so-widget-sow-editor-base\">\n<div id=\"pgc-27-3-1\" class=\"panel-grid-cell\">\n<div id=\"panel-27-3-1-0\" class=\"so-panel widget widget_sow-editor panel-first-child panel-last-child\" data-index=\"5\">\n<div class=\"so-widget-sow-editor so-widget-sow-editor-base\">\n<div id=\"pgc-219-2-1\" class=\"panel-grid-cell\">\n<div id=\"panel-219-2-1-0\" class=\"so-panel widget widget_sow-editor panel-first-child panel-last-child\" data-index=\"5\">\n<div class=\"so-widget-sow-editor so-widget-sow-editor-base\">\n<h2 class=\"widget-title\"><span style=\"color: #ffffff;\"><strong>Portail ferronnerie<\/strong><\/span><\/h2>\n<div class=\"siteorigin-widget-tinymce textwidget\">\n<p><strong>Retrouvez le style d\u2019antan !<\/strong><\/p>\n<p><strong>Signe de noblesse et d\u2019\u00e9l\u00e9gance distinctif des anciennes demeures, le portail en fer forg\u00e9 est toujours tr\u00e8s \u00e0 la mode.<\/strong><\/p>\n<p><strong>Il exprime souvent la tradition mais peut aussi prendre un look r\u00e9solument moderne. Nous pouvons vous proposer une gamme compl\u00e8te de portails et de cl\u00f4tures pour s\u2019accorder au style de votre maison.<\/strong><\/p>\n<\/div>\n<\/div>\n<\/div>\n<\/div>\n<\/div>\n<\/div>\n<\/div>\n<\/div>\n<\/div>\n<\/div>\n<\/div><div class=\"fusion-clearfix\"><\/div>\n\n\t\t\t\t\t<\/div>\n\t\t\t\t<\/div><\/div><\/div><\/p>\n","protected":false},"excerpt":{"rendered":"","protected":false},"author":1,"featured_media":0,"parent":0,"menu_order":0,"comment_status":"closed","ping_status":"closed","template":"100-width.php","meta":{"_monsterinsights_skip_tracking":false,"_monsterinsights_sitenote_active":false,"_monsterinsights_sitenote_note":"","_monsterinsights_sitenote_category":0,"footnotes":""},"class_list":["post-98","page","type-page","status-publish","hentry"],"yoast_head":"<!-- This site is optimized with the Yoast SEO plugin v27.1.1 - https:\/\/yoast.com\/product\/yoast-seo-wordpress\/ -->\n<title>PORTAILS DE CLOTURES - ACL Menuiserie - Am\u00e9nagement Construction Loire<\/title>\n<meta name=\"robots\" content=\"index, follow, max-snippet:-1, max-image-preview:large, max-video-preview:-1\" \/>\n<link rel=\"canonical\" href=\"https:\/\/acl-menuiserie.com\/index.php\/portails-nantes-44\/\" \/>\n<meta property=\"og:locale\" content=\"fr_FR\" \/>\n<meta property=\"og:type\" content=\"article\" \/>\n<meta property=\"og:title\" content=\"PORTAILS DE CLOTURES - ACL Menuiserie - Am\u00e9nagement Construction Loire\" \/>\n<meta property=\"og:url\" content=\"https:\/\/acl-menuiserie.com\/index.php\/portails-nantes-44\/\" \/>\n<meta property=\"og:site_name\" content=\"ACL Menuiserie - Am\u00e9nagement Construction Loire\" \/>\n<meta property=\"article:modified_time\" content=\"2023-03-10T09:12:43+00:00\" \/>\n<meta name=\"twitter:card\" content=\"summary_large_image\" \/>\n<meta name=\"twitter:label1\" content=\"Dur\u00e9e de lecture estim\u00e9e\" \/>\n\t<meta name=\"twitter:data1\" content=\"8 minutes\" \/>\n<script type=\"application\/ld+json\" class=\"yoast-schema-graph\">{\"@context\":\"https:\/\/schema.org\",\"@graph\":[{\"@type\":\"WebPage\",\"@id\":\"https:\/\/acl-menuiserie.com\/index.php\/portails-nantes-44\/\",\"url\":\"https:\/\/acl-menuiserie.com\/index.php\/portails-nantes-44\/\",\"name\":\"PORTAILS DE CLOTURES - ACL Menuiserie - Am\u00e9nagement Construction Loire\",\"isPartOf\":{\"@id\":\"https:\/\/acl-menuiserie.com\/#website\"},\"datePublished\":\"2019-05-10T10:25:53+00:00\",\"dateModified\":\"2023-03-10T09:12:43+00:00\",\"breadcrumb\":{\"@id\":\"https:\/\/acl-menuiserie.com\/index.php\/portails-nantes-44\/#breadcrumb\"},\"inLanguage\":\"fr-FR\",\"potentialAction\":[{\"@type\":\"ReadAction\",\"target\":[\"https:\/\/acl-menuiserie.com\/index.php\/portails-nantes-44\/\"]}]},{\"@type\":\"BreadcrumbList\",\"@id\":\"https:\/\/acl-menuiserie.com\/index.php\/portails-nantes-44\/#breadcrumb\",\"itemListElement\":[{\"@type\":\"ListItem\",\"position\":1,\"name\":\"Home\",\"item\":\"https:\/\/acl-menuiserie.com\/\"},{\"@type\":\"ListItem\",\"position\":2,\"name\":\"PORTAILS DE CLOTURES\"}]},{\"@type\":\"WebSite\",\"@id\":\"https:\/\/acl-menuiserie.com\/#website\",\"url\":\"https:\/\/acl-menuiserie.com\/\",\"name\":\"ACL Menuiserie - Am\u00e9nagement Construction Loire\",\"description\":\"Ossature bois - Agencement - Charpente\",\"potentialAction\":[{\"@type\":\"SearchAction\",\"target\":{\"@type\":\"EntryPoint\",\"urlTemplate\":\"https:\/\/acl-menuiserie.com\/?s={search_term_string}\"},\"query-input\":{\"@type\":\"PropertyValueSpecification\",\"valueRequired\":true,\"valueName\":\"search_term_string\"}}],\"inLanguage\":\"fr-FR\"}]}<\/script>\n<!-- \/ Yoast SEO plugin. -->","yoast_head_json":{"title":"PORTAILS DE CLOTURES - ACL Menuiserie - Am\u00e9nagement Construction Loire","robots":{"index":"index","follow":"follow","max-snippet":"max-snippet:-1","max-image-preview":"max-image-preview:large","max-video-preview":"max-video-preview:-1"},"canonical":"https:\/\/acl-menuiserie.com\/index.php\/portails-nantes-44\/","og_locale":"fr_FR","og_type":"article","og_title":"PORTAILS DE CLOTURES - ACL Menuiserie - Am\u00e9nagement Construction Loire","og_url":"https:\/\/acl-menuiserie.com\/index.php\/portails-nantes-44\/","og_site_name":"ACL Menuiserie - Am\u00e9nagement Construction Loire","article_modified_time":"2023-03-10T09:12:43+00:00","twitter_card":"summary_large_image","twitter_misc":{"Dur\u00e9e de lecture estim\u00e9e":"8 minutes"},"schema":{"@context":"https:\/\/schema.org","@graph":[{"@type":"WebPage","@id":"https:\/\/acl-menuiserie.com\/index.php\/portails-nantes-44\/","url":"https:\/\/acl-menuiserie.com\/index.php\/portails-nantes-44\/","name":"PORTAILS DE CLOTURES - ACL Menuiserie - Am\u00e9nagement Construction Loire","isPartOf":{"@id":"https:\/\/acl-menuiserie.com\/#website"},"datePublished":"2019-05-10T10:25:53+00:00","dateModified":"2023-03-10T09:12:43+00:00","breadcrumb":{"@id":"https:\/\/acl-menuiserie.com\/index.php\/portails-nantes-44\/#breadcrumb"},"inLanguage":"fr-FR","potentialAction":[{"@type":"ReadAction","target":["https:\/\/acl-menuiserie.com\/index.php\/portails-nantes-44\/"]}]},{"@type":"BreadcrumbList","@id":"https:\/\/acl-menuiserie.com\/index.php\/portails-nantes-44\/#breadcrumb","itemListElement":[{"@type":"ListItem","position":1,"name":"Home","item":"https:\/\/acl-menuiserie.com\/"},{"@type":"ListItem","position":2,"name":"PORTAILS DE CLOTURES"}]},{"@type":"WebSite","@id":"https:\/\/acl-menuiserie.com\/#website","url":"https:\/\/acl-menuiserie.com\/","name":"ACL Menuiserie - Am\u00e9nagement Construction Loire","description":"Ossature bois - Agencement - Charpente","potentialAction":[{"@type":"SearchAction","target":{"@type":"EntryPoint","urlTemplate":"https:\/\/acl-menuiserie.com\/?s={search_term_string}"},"query-input":{"@type":"PropertyValueSpecification","valueRequired":true,"valueName":"search_term_string"}}],"inLanguage":"fr-FR"}]}},"_links":{"self":[{"href":"https:\/\/acl-menuiserie.com\/index.php\/wp-json\/wp\/v2\/pages\/98","targetHints":{"allow":["GET"]}}],"collection":[{"href":"https:\/\/acl-menuiserie.com\/index.php\/wp-json\/wp\/v2\/pages"}],"about":[{"href":"https:\/\/acl-menuiserie.com\/index.php\/wp-json\/wp\/v2\/types\/page"}],"author":[{"embeddable":true,"href":"https:\/\/acl-menuiserie.com\/index.php\/wp-json\/wp\/v2\/users\/1"}],"replies":[{"embeddable":true,"href":"https:\/\/acl-menuiserie.com\/index.php\/wp-json\/wp\/v2\/comments?post=98"}],"version-history":[{"count":10,"href":"https:\/\/acl-menuiserie.com\/index.php\/wp-json\/wp\/v2\/pages\/98\/revisions"}],"predecessor-version":[{"id":416,"href":"https:\/\/acl-menuiserie.com\/index.php\/wp-json\/wp\/v2\/pages\/98\/revisions\/416"}],"wp:attachment":[{"href":"https:\/\/acl-menuiserie.com\/index.php\/wp-json\/wp\/v2\/media?parent=98"}],"curies":[{"name":"wp","href":"https:\/\/api.w.org\/{rel}","templated":true}]}}